{"id":7,"date":"2010-07-28T17:56:44","date_gmt":"2010-07-28T17:56:44","guid":{"rendered":"http:\/\/mmed.roulleau.net\/?page_id=2"},"modified":"2010-07-28T17:56:44","modified_gmt":"2010-07-28T17:56:44","slug":"a-propos","status":"publish","type":"page","link":"https:\/\/mmed.roulleau.net\/?page_id=7","title":{"rendered":"\u00c0 propos de ce blog"},"content":{"rendered":"<p>Bienvenue tr\u00e8s cher.<\/p>\n<p>Avant toute chose mon ami, avant que nous n&rsquo;allions plus loin toi et moi&#8230; Sache &#8230; <strong>Que ce blog n&rsquo;est pas pour toi !<\/strong><br \/>\nOh, mais que vois-je sur ton visage : tu es surpris?<br \/>\nNon, ce n&rsquo;est pas la peine de t&rsquo;offusquer, cher lecteur, je ne suis pas un rustre et je ne te mettrai pas dehors (enfin, pas tout de suite).<\/p>\n<p>\u00ab\u00a0Ma m\u00e9moire est d\u00e9faillante\u00a0\u00bb (<strong>MMED<\/strong>) est avant tout un bloc note de mes exp\u00e9riences diverses. Et \u00e0 ce titre, il me sert d&rsquo;aide m\u00e9moire, rien de plus.<br \/>\nT&rsquo;est-il d\u00e9j\u00e0 arriv\u00e9 de chercher sur Internet quelque chose que tu sais avoir d\u00e9j\u00e0 fait?<br \/>\nMoi, tr\u00e8s souvent.<br \/>\nJe pousse donc le concept un peu plus loin : dor\u00e9navant quand je chercherai sur Internet quelque chose que j&rsquo;ai d\u00e9j\u00e0 fait, j&rsquo;esp\u00e8re bien tomber sur <strong>MMED<\/strong>.<\/p>\n<p>En attendant ce jour b\u00e9ni, cher lecteur, prend tes aises, peut \u00eatre trouveras-tu quand m\u00eame ton bonheur&#8230;<\/p>\n","protected":false},"excerpt":{"rendered":"<p>Bienvenue tr\u00e8s cher. Avant toute chose mon ami, avant que nous n&rsquo;allions plus loin toi et moi&#8230; Sache &#8230; Que ce blog n&rsquo;est pas pour toi ! Oh, mais que vois-je sur ton visage : tu es surpris? Non, ce n&rsquo;est pas la peine de t&rsquo;offusquer, cher lecteur, je ne suis pas un rustre et [&hellip;]<\/p>\n","protected":false},"author":1,"featured_media":0,"parent":0,"menu_order":0,"comment_status":"open","ping_status":"open","template":"","meta":[],"_links":{"self":[{"href":"https:\/\/mmed.roulleau.net\/index.php?rest_route=\/wp\/v2\/pages\/7"}],"collection":[{"href":"https:\/\/mmed.roulleau.net\/index.php?rest_route=\/wp\/v2\/pages"}],"about":[{"href":"https:\/\/mmed.roulleau.net\/index.php?rest_route=\/wp\/v2\/types\/page"}],"author":[{"embeddable":true,"href":"https:\/\/mmed.roulleau.net\/index.php?rest_route=\/wp\/v2\/users\/1"}],"replies":[{"embeddable":true,"href":"https:\/\/mmed.roulleau.net\/index.php?rest_route=%2Fwp%2Fv2%2Fcomments&post=7"}],"version-history":[{"count":0,"href":"https:\/\/mmed.roulleau.net\/index.php?rest_route=\/wp\/v2\/pages\/7\/revisions"}],"wp:attachment":[{"href":"https:\/\/mmed.roulleau.net\/index.php?rest_route=%2Fwp%2Fv2%2Fmedia&parent=7"}],"curies":[{"name":"wp","href":"https:\/\/api.w.org\/{rel}","templated":true}]}}